)
7
Calculate -5 - (-44 - -22) - 7.
10
What is the value of 5 + (10 - 11 - (-9 + 18))?
-5
Calculate -1 - (-25 + 0 + 14).
10
2076 - 2103 - (-4 + 0)
-23
9 + -9 + 17 + -9 + -9
-1
What is -7 + -10 + 18 + -19?
-18
(0 + -11 - (-37 + 5)) + -4
17
(0 - -14) + 33 + (-49 - -22)
20
What is 5 + (20 - -2) + (-23 + 22 - -10)?
36
-3 + -6 + -3 + (-12 - (-4 - 6))
-14
Calculate (53 - 85) + ((-3 - -3) + 5 - -3).
-24
10 + (27 - 34) - 16
-13
What is -9 - ((-10 - -9) + -10)?
2
Calculate (2 - 33 - (15 - (33 - 17))) + 8.
-22
Calculate ((-1 - 4) + -4 - -3) + -4 + 2.
-8
What is the value of -11 + 2 - (22 - (23 + -2))?
-10
What is -16 + (5 - (6 + -5))?
-12
Evaluate (2 - 0) + 0 - ((9 - 5) + 3).
-5
Calculate 19 - ((25 - 10) + 10).
-6
What is the value of -11 + (12 - -19) - 19?
1
What is the value of (-14 - (-6 - 8)) + 13?
13
Evaluate 2 + -19 + -1 + 707 + -705 + -11.
-27
What is the value of 4 + 2 + (-12 - (-1 - (4 - 5)))?
-6
What is (15 - 1) + 1 + 1 + (-46 - -42)?
12
Evaluate -11 + 8 + 2 + (-9 - -11) - 1.
0
What is the value of 0 + -15 + -14 + -7 + 13 + 4?
-19
-5 - (5 - 7) - (-7 + 4 + 8)
-8
What is 8 + 0 + 12 + -44 + 2?
-22
9 + (9 - (5 - -14)) + (4 - 5)
-2
Calculate -1 - ((-25 - -21) + (11 - -3)).
-11
What is -10 + -1 - (-70 + (-9 - -55))?
13
Calculate -13 - ((-1 - 8) + 4) - 1.
-9
What is the value of 5 + -8 - (-16 + -2 - 1)?
16
Evaluate -6 - ((-10 - (-9 + 9)) + 1).
3
Calculate 45 + 0 + (14 - (-18 - (-17 - 26))).
34
-48 + 17 + -8 + 19
-20
(-6 - -22) + (-13 - 26)
-23
Calculate -23 - 0 - (-62 - -57) - -10.
-8
What is the value of (183 - 179 - (2 - 3 - 4)) + 28?
37
0 - (44 - 44 - (1 - -7))
8
-5 + 3 - (-1 - (17 + -18))
-2
What is the value of 1 - ((-13 - (-15 - 2)) + -14)?
11
Calculate -23 + 13 - (41 - 45).
-6
(2 - (20 - (8 - 6))) + 5
-11
34 + -24 + -15 - (1 - (-1 + 0))
-7
Evaluate 14 + -16 - ((-12 - -15) + 2 + -27).
20
Calculate -20 + 37 - (7 - 5).
15
What is 3 - (14 + 6 + -7) - 14?
-24
Calculate 3 + -5 + (14 - -9) + -12.
9
112 - 102 - (-1 - (-4 - -12))
19
Evaluate -7 + 9 + (0 + -3 - (2 + 13)).
-16
What is -51 + 47 - (4 - 10 - (-11 - 1))?
-10
Calculate (16 + -22 - -17) + -5 + 2.
8
20 + -27 + -21 - -10
-18
11 - 21 - (16 + -37) - (-2 + 54)
-41
Evaluate (-1 - -3) + (-1 - -1) + (35 - 28).
9
(-22 - (0 + -10 - -9)) + 6
-15
What is the value of 12 - (2 + -3 + -5 + 2 + 6)?
10
What is (22 - (-13 - -41)) + (3 - 2) + 7?
2
Evaluate 8 - ((2 - (2 - (8 - 16))) + -11).
27
What is -33 + 1 - (-56 + -2)?
26
What is 1 - (43 + -16 + -1 + -12)?
-13
Calculate 4 - (-5 - -2 - (0 + (-3 - -2))).
6
What is 4 - 17 - (34 - 51)?
4
What is the value of (-8 - -1) + (430 - 404)?
19
What is (-3 - -2 - -3) + 2 - (64 - 43)?
-17
1 + -10 + 6 - (-24 - 0)
21
What is the value of 5 - (0 + (-1 - -17)) - (23 + -2)?
-32
What is the value of 4 + -28 + 118 + -81?
13
What is the value of -60 + 77 + 0 + (5 - 2 - -1)?
21
Calculate 12 - (32 + (36 - 31)).
-25
What is 11 - (23 - 15) - 13?
-10
What is the value of (8 - 0) + -14 + (18 - 2) - 5?
5
Calculate (2 - -1) + (60 - 65) + 0 + 0.
-2
-32 + 16 + (18 - 5)
-3
What is the value of -1 - 10 - (-16 + 11 - 6)?
0
-1 - -16 - (3 + 7) - (-3 - 2)
10
What is the value of (-32 - -20 - -22) + 4?
14
(-6 - (9 + -12)) + (3 - 4) + -2
-6
What is -26 + (-12 - 9 - -24)?
-23
What is (-9 - 3) + 28 - 9?
7
Calculate -1 + 1 + (-2 - (-4 - -15)) + 8.
-5
Evaluate 0 + 1 - (-1 + 2 + (-22 - -31)).
-9
10 + (-5 - 11) + -2 + 2
-6
Evaluate (-22 - -44) + 20 - 46.
-4
Calculate 60 - 81 - (-4 + 0 + -4).
-13
Evaluate (-2 - (2 - 15)) + (6 - (30 + -27)).
14
Evaluate 23 + -95 + 29 + 12.
-31
What is -45 + (49 - (42 - -3))?
-41
What is the value of -3 - ((3 + -1 - (32 - 26)) + 6)?
-5
36 - (-9 + -1 - (-12 - 10)) - -4
28
30 - (7 + -7 + 6)
24
What is (8 - 45) + 26 - -48?
37
Evaluate -9 + -42 + 21 + 11 + -5.
-24
What is 32 + -52 + 21 - -14?
15
What is the value of 5 + -5 + (-7 - ((-11 - -7) + -3))?
0
1 - 2 - (6 + 9 + -3 - -2)
-15
Calculate -19 - (17 + -28 + 31).
-39
What is the value of -12 - (-65 + 49) - (-15 + -1 + 0)?
20
-5 + (5 - -1) + 0 + -5
-4
Evaluate (-11 - (7 + -1)) + 5 - -10.
-2
-37 - -53 - (4 - -15)
-3
Calculate -64 + -9 + 37 - -71.
35
What is -52 + (4 - -12 - (49 - 50))?
-35
Calculate 8 - 1 - (-4 - (2 - -3 - 13)).
3
What is the value of 54 - 65 - (-1 - -6)?
-16
What is the value of -40 - -10 - (-32 - 23)?
25
Evaluate 12 - (0 - 11 - -17).
6
What is the value of -178 + 160 - (-20 - 1)?
3
Evaluate 11 + -7 + -1 + -2.
1
What is the value of -13 + 0 + 0 + (0 - (6 + -4))?
-15
-10 - (14 + -7 + 1 - 12)
-6
What is -14 + -4 - ((-21 + 11 - -2) + 10)?
-20
-31 + 26 - (-11 - 0)
6
What is -18 + (29 - 18) + -17 - -8?
-16
What is the value of (7 - -3) + -2 + (15 - 27)?
-4
0 + 1 + -34 + -18 + (-12 - -40)
-23
What is 6 - (11 - -9) - -6?
-8
Evaluate 9 + 1 + -11 + 3 + 4.
6
What is the value of 1 - (13 - (2 - 9 - -13))?
-6
Evaluate (4 - (0 + (10 - -3))) + 5 + 4.
0
-26 + (24 + -9 - 1)
-12
What is 3 + (19 - 32) - (2 + -16)?
4
Calculate 2 + -15 - ((-4 - (-7 + 0)) + 2).
-18
Evaluate -3 + 6 + -14 - (15 + 2 + -7).
-21
What is 0 + 6 + -11 - -11 - (1 - 5)?
10
What is the value of -3 - (16 - (13 - 20 - -10))?
-16
What is -110 + 122 - (1 + -4)?
15
(-5 - (-13 + (3 - (3 + -6)))) + 8
10
Evaluate -21 + -5 + -31 + 56.
-1
What is 3 + (-41 - -50) - (1 - -11)?
0
What is 0 - (-3 - (-14 + 1))?
-10
What is -6 + (103 - 100 - (-2 - 7))?
6
What is the value of -1 + (-24 - -20) + 1 + 5?
1
(1 - (10 + -1)) + -57 + 53
-12
What is the value of -11 + (-13 - (1 - 12))?
-13
What is the value of 1 - (-2 - -7 - (10 - -13 - 10))?
9
What is the value of (16 - (35 + -15)) + -4 + 3 + -8?
-13
Calculate -3 + (7 + -3 - 5).
-4
(35 - (-18 - -41)) + 1
13
Evaluate 0 - (-1 - -1 - (-40 - -37)).
-3
What is the value of (0 + -2 - (-20 + 14)) + -3?
1
What is -1 - ((-4 - -17) + -20)?
6
What is 1 - (11 - 16) - 19?
-13
10 - (-12 + 2 + 48) - (-7 - -2)
-23
1 + -3 + -1 - (-50 - -9 - -48)
-10
What is -5 - -1 - (-17 - (29 - 43))?
-1
Calculate -4 - -4 - (0 - (-6 + -5 + 8)).
-3
Evaluate 31 + (-28 - -3) + -14.
-8
What is 9 + -5 + 7 - (-4 + (-5 - -10))?
10
What is ((-3 - -6) + -4 - -2) + 0 + -9?
-8
Calculate -7 + (-36 + 15 + 6 - -8).
-14
(16 - (6 + 3) - -4) + -2 + 2
11
3 - 1 - (-38 - -25 - 3)
18
Calculate 0 - ((-2 - 7) + -25 + 32).
2
57 + -25 - (-7 + 8)
31
Calculate -1 - (2 - 17) - (108 + -111).
17
Calculate -33 + (-18 - -32) - (-1 - -14).
-32
What is (-42 - -28) + -18 - (2 + -6 + 1)?
-29
What is the value of -52 + 53 + 10 + (1 - 2)?
10
What is the value of 14 - (-6 - (-8 + 3 + -4))?
11
Calculate -8 + 1 + 15 + -4 + -3.
1
Calculate -49 - (-18 - (-17 + 19)).
-29
11 + -7 - (-55 - -40)
19
What is (5 - 9) + 3 + (-2 - (-4 - -5))?
-4
Evaluate 26 + (-16 - (17 + -15)) + 0 + 2.
10
What is -23 + (7 - (-4 - 0) - (1 - -3))?
-16
What is the value of 10 + (10 + -17 - -11) + 6?
20
Evaluate (-5 - (8 + -13 - (-8 - -4))) + 4.
0
-12 + -1 + (34 - 40) + 10
-9
Evaluate -13 + (-13 + 45 - 10).
9
-5 + -8 - (7 - (15 + -2))
-7
Evaluate -16 + -19 + 16 - -8.
-11
27 + (25 + -83 - -20)
-11
Calculate (-2 + (12 - -7) - (-1 - -11)) + -4.
3
What is 1 + -8 + (40 - (3 - -11 - -2))?
17
Calculate 2 - (-8 - 5 - -2).
13
Calculate 6 - 5 - (4 + -5 + 0 - -12).
-10
Evaluate -74 + 39 - -26 - -27.
18
Evaluate -3 + (-1 - 6) + (24 - 18).
-4
Evaluate -10 - (0 + -31) - 4 - 6 - -4.
15
Calculate (355 - 384) + (-1 - -5).
-25
-1 + 0 - 17 - (25 + -38 + 16)
-21
13 + 10 + -37 - -5
-9
What is 1 + (0 + 9 - -7 - 1)?
16
What is (-85 - -94) + (3 + -10 - 0)?
2
Evaluate (14 - 7 - 6) + (5 - -1).
7
What is the value of (-1 - 5) + (-5 - -5 - (0 + 5))?
-11
What is the value of -14 + 12 - (-2 - (-2 - -3)) - -1?
2
-37 - (-99 - -55) - (-1 - 6)
14
What is the value of 14 + -1 + 0 - (83 + -81)?
11
Evaluate -19 - -3 - (4 + 7 + -22).
-5
What is ((-7 - -23) + -17 - (1 - -6)) + -3?
-11
Calculate 2 - (-12 - -4) - (7 + 0).
3
-1 + 0 + (8 - ((4 - -16) + -1))
-12
Calculate 1 - 5 - (-32 + 46 + -18 + 3).
-3
What is 1 - ((6 - 1) + 8 + 22)?
-34
Calculate 2 + -5 + (0 - 4) - -8.
1
What is the value of 7 - (-9 - (-28 + 7))?
-5
What is (-1 - -3) + -2 - 9?
-9
Evaluate -26 + 48 + -2 - 39.
-19
What is (-1 - (2 - (5 - 12))) + -10?
-20
What is the value of (-2 - 6 - (-1 - (-8 - -13))) + -24?
-26
Calculate 0 + 4 + 7 + -23.
-12
Calculate -37 + 32 + -20 + 18.
-7
Calculate 3 + 2 - (-7 + (9 - 0)).
3
Evaluate 7 - 10 - (-15 + (5 - (-7 - -18))).
18
What is -64 + 33 - -41 - (-10 - -1)?
19
Calcula